
True
Suppose 0 = -x + 2*z + 31, -71 = -2*x - 3*z - 2*z. Let d be (-210)/(-90)*(-21492)/(-42). Let f = x + d. Is f a prime number?
False
Let n = -270339 - -1900178. Is n prime?
False
Is ((-573)/(-5730))/(1/52270) a composite number?
False
Suppose 3*k + 2 = -7. Suppose 15 - 5 = -3*t - 4*a, 0 = -2*a - 8. Is k*((-257)/3 + t) composite?
False
Let d(f) = 65*f**3 - 46*f**2 + 213*f + 7. Is d(11) a prime number?
True
Let w be 12/((-20)/(-16) - (2 - 0)). Let a = 21 + w. Suppose -a*u + 7395 = -2*n, 1160 = u - 3*n - 306. Is u a prime number?
True
Let u(g) = g**2 + 3*g + 2. Let w be u(-1). Suppose -24*o + 4*o + 128160 = w. Suppose 2*m = -3*h + 9716, 3*h - 13030 = -4*m + o. Is m prime?
True
Is (1930 + 2 + -1)/(-2 - -3) prime?
True
Let x = -1587 + 3564. Suppose -5*b + 1201 = 3*y - b, -5*b - 394 = -y. Suppose 0 = -2*d + x - y. Is d a prime number?
False
Let n(k) = 2901*k**2 + 410*k - 2868. Is n(7) composite?
False
Suppose -5*u - 15084 = -r + 53157, 5*r = -u + 341231. Is r a composite number?
True
Let j(q) = 320723*q - 489. Is j(1) composite?
True
Suppose 0 = 30*f - 10*f - 1725740. Is f a prime number?
True
Suppose -4*r = 4*s - 440, -5*r + 91 + 431 = -2*s. Let i = -93 + r. Suppose 0 = i*w - 153 - 510. Is w a prime number?
False
Let s(v) = v. Let x(k) = -58*k - 13. Let w be (-2)/(-2) + (18 - 20). Let i(m) = w*x(m) + 3*s(m). Is i(6) prime?
True
Let q = -180 + 22. Suppose 23*d + 4*d + 24050 + 115 = 0. Let f = q - d. Is f a composite number?
True
Let n be -12*3/(-4) + (-6)/3. Let i(k) = 479*k - 40. Is i(n) prime?
True
Let p(v) = v**3 + 135887. Is p(0) composite?
False
Suppose -81*m - 30098 = -111989. Suppose 4*s = 11 + 5. Suppose -5*u + 25 = -0*u, m = g + s*u. Is g prime?
True
Let j(l) = 43*l**2 + 31*l + 613. Is j(-28) a composite number?
False
Suppose 0 = -10*a - 228753 + 1516663. Is a composite?
True
Suppose 1245*z = 1242*z + 429873. Is z prime?
True
Let g = -8 - -10. Suppose 2*y + g*w - 3131 = 2753, -11768 = -4*y + w. Suppose 12*s = 10*s + y. Is s composite?
False
Let h be (53*38/(-4))/(12/(-24)). Let y = -106 + h. Is y a prime number?
False
Let b = -20594 - -46225. Suppose -8*h + b = -489. Is h prime?
False
Let z(i) be the third derivative of -1/12*i**4 + 14*i**2 + 13/12*i**5 + 0*i + 0*i**3 + 0. Is z(-1) prime?
True
Suppose 4*d + 17 = -3*z - d, 0 = 4*z + d + 17. Let i be (-10)/z*(-6)/(-5). Suppose -2*l - i*l + 45 = 0. Is l a composite number?
True
Let j be 3 + ((-33)/6)/(3/822). Let g = 515 - j. Suppose 4*r + 5*o - 10804 = -g, 5*o = -r + 2200. Is r a composite number?
True
Suppose 5*q - m + 555043 = 2648235, m + 7 = 0. Is q a composite number?
False
Suppose -7120 = -8*b + 30504. Is b a prime number?
True
Suppose 78*s + 8752571 - 21349805 = 0. Is s a prime number?
True
Let b = 48 + -48. Suppose 3*u + 19850 = -r, -5 = -u - b. Is r/(-20) - (-1)/(-4) a prime number?
False
Let v(b) = 4*b - 35. Let c be v(9). Let p be (-3 - 5/(-2))/(c/8). Is p/(-3 - -5) - (-2 + -329) a composite number?
True
Suppose 3*m = -4*q + 1068, -5*m + 4*m - 544 = -2*q. Suppose -b - 113 = -q. Is b a composite number?
False
Let c = 9369 + -1344. Suppose j - c = 4*z, -j + z + 8023 = -4*z. Is j a prime number?
False
Suppose 313*t = 120866842 + 143022519. Is t prime?
False
Suppose 5*o - 138507 = -3*x, 3*x - 55*o = -59*o + 138507. Is x prime?
False
Let i = 75 - 23. Suppose -5 - i = -3*u. Suppose 0 = 2*o - u - 691. Is o a prime number?
False
Let z(j) be the third derivative of j**5/30 + j**4/24 - j**3/2 + j**2. Let w be z(-5). Suppose -5*g + 2*d + 52 = 3*d, 0 = -3*g + 3*d + w. Is g composite?
False
Let l(k) = 219*k - 69. Let h be l(14). Let j = h - 1634. Is j composite?
True
Let y(p) = 2*p**2 + 5*p + 11. Let c be y(-5). Let u = c - 34. Suppose -g = 2*q - 6*q - 85, u*q + 81 = g. Is g prime?
False
Suppose -2*i + 42236 = 4*i - 2*i. Is i a prime number?
True
Suppose -31*y + 1035834 = 31*y. Is y composite?
True
Let d(r) be the first derivative of 69*r**4/2 + r**3 - 3*r**2/2 + r - 30. Let q = -24 + 25. Is d(q) prime?
True
Let m = -4326 - -1798. Let b be 3/(-4 - -1) - (-4 - m). Let j = -208 - b. Is j prime?
False
Let p(s) = 920*s**2 - 71*s - 578. Is p(-9) a prime number?
False
Let w(j) = -3*j**3 + 3*j**2 - 3*j + 5. Let d be w(-9). Let o = -1291 + d. Is o prime?
True
Suppose 6*b - 131 + 59 = 0. Is (-3 + (-1976)/b)/(3/(-9)) prime?
True
Let d(m) = -332 - 245*m + 6*m + 649 - 540. Is d(-39) a prime number?
False
Suppose -4*g = 4*g + 168. Let s(y) = -443*y + 224. Is s(g) prime?
False
Is ((-33527)/(-3))/((8/(-40))/(6/(-10))) a composite number?
True
Let u(a) = -10*a - 39. Let b be u(-7). Let c = b + -27. Suppose -2785 = -t - c*t. Is t a composite number?
False
Is 4/(6/3)*(-21 + 5113355/26) composite?
True
Let a(d) = -d**3 + d**2 - d + 4. Let f be a(2). Let x be 3*1/3 + (-6)/f. Suppose 2*i - 1294 = -3*c - 2*c, x*i = c + 2588. Is i a composite number?
False
Let h(s) = -2*s**3 + 4*s**2 - 32*s - 5. Let f be h(-10). Suppose 6*y = 4*y - 3*a + 1355, -f = -4*y - a. Is y composite?
True
Let l(i) = 8*i + 29. Let r be l(-3). Suppose 4156 = 3*b - 4*x - 19675, r*b = 5*x + 39725. Is b prime?
True
Suppose 28 = -4*t, 6*x - x = -4*t + 583917. Is x a composite number?
False
Let d(p) be the third derivative of p**4/24 + p**3/6 - 28*p**2. Let w be d(4). Suppose h + w*y - 326 = 0, -3*h - y + 1285 = h. Is h composite?
True
Let q(d) = -53*d**2 + 16 - 2*d + 53*d**2 + d**2. Let a be 26/6*(-6 - -3). Is q(a) composite?
False
Suppose -35930*d - 3603396 = -35942*d. Is d composite?
True
Let g = 888405 + 129856. Is g a composite number?
True
Is 16474 - (-12 + -3 + 12) composite?
False
Suppose 2*q + 3 = q. Let f be -3*(2/q + -4). Is 492/14 - 2/f prime?
False
Let v(b) = 3*b**3 - 94*b**2 - 105*b - 171. Is v(46) a composite number?
True
Let g(v) = -2*v**2 - 42*v + 46. Let l be g(-21). Is l/(11/(682/4)) a composite number?
True
Let m(h) = 13190*h**2 - 16*h + 15. Is m(-2) a composite number?
False
Let u = 4719 - 3264. Suppose -7*d = -u - 5272. Suppose -3*a - 2*p + d + 1906 = 0, 4*a = -p + 3831. Is a a prime number?
False
Is 2/5 + (-22)/5 + 8928111/51 composite?
True
Let s(f) = 8*f**3 + 3*f**2 - 5*f - 27. Let z(c) = 6*c - 104. Let d be z(19). Is s(d) a composite number?
True
Let r = 149 + -141. Is (4 - 28/r)*1726 prime?
True
Let n = -121 - -126. Suppose -3*q + 2*l + 6 = q, -n*q = -3*l - 6. Is 61 - (-1 - (-2 + q)) - -2 prime?
False
Let k be 4/(-16)*-2*0. Let v be -6 + 1 + k/(-3). Is (v/(-15))/((-4)/(-3684)) composite?
False
Let h(g) = -1857*g**3 + 4*g**2 + 4*g + 2. Suppose 0*j - 4*w - 17 = j, -7 = -5*j + 3*w. Let c be h(j). Suppose 7*m + 564 - c = 0. Is m prime?
False
Let h be (-10)/8*(-28)/(-35)*-5. Suppose 5*q - 10*d = -14*d + 8935, -h*q + 3*d = -8900. Is q prime?
True
Suppose -3*s = -2*g + 10, s - 3*g = 6*s + 23. Is -2*s/(16/22)*727 a prime number?
False
Suppose 142263 = 5*s - 3*v, 4*s - 44846 = -3*v + 68986. Suppose -2*y - 7549 = -s. Is y composite?
False
Let t be (201*6/(-9))/(-1). Let j(w) = -t*w - 1 + 20*w**2 - 2 + 140*w. Is j(-5) prime?
True
Let c(n) = -10*n**3 + 6*n**2 - 237*n - 3235. Is c(-14) composite?
True
Let c = 1274318 - 211167. Is c prime?
True
Let v = -943731 + 2052232. Is v a composite number?
False
Suppose 0 = -2*x - 3*x + s - 7, x - 1 = -s. Is 5989/(2 + x + 0/1) a prime number?
False
Suppose -224 = 13*m - 16*m + 5*u, -m + 80 = u. Suppose -m*x + 94*x - 10256 = 0. Is x a composite number?
False
Let r(h) = 7*h**2 + 129*h + 51. Is r(-61) a composite number?
False
Let n(p) = 648*p**2 + 14*p - 22. Let z be n(8). Suppose 17*r = -r + z. Is r prime?
True
Suppose -4*t + m = -5075375, -18*t + 13*t = -5*m - 6344230. Is t composite?
False
Let p = 26422 - -38661. Is p a composite number?
True
Suppose -6*n = -n + 1010. Let j be (-30)/(-40) - n/8. Suppose j = -4*m + 174. Is m a composite number?
False
Suppose 6*o - 4244 - 4114 = 0. Suppose -o*w + 1394*w - 527 = 0. Is w a prime number?
False
Suppose 0 = -3*h - v + 13, v = -5*h - 4*v + 15. Suppose -15 = -3*j - 0*j + 3*i, 3*i = h*j - 15. Suppose j = -7*y - 0*y + 2779. Is y prime?
True
Suppose -r - 11 = 16. Is (-6)/r*3777 - (-3)/(-9) a composite number?
False
Suppose -2*j + 195425 = -3*y, 3*j = 102*y - 106*y + 293197. Is j a prime number?
False
Suppose 22*s + 3495758 = 71*s. Is s a prime number?
False
Let u(m) = 30*m**2 + 3*m + 51. Let i be u(-11). Let n = i - 1133. Is n a prime number?
False
L